{"id":150,"date":"2014-04-06T16:44:48","date_gmt":"2014-04-06T14:44:48","guid":{"rendered":"http:\/\/www.nasardinku.cz\/?page_id=150"},"modified":"2026-01-30T15:25:53","modified_gmt":"2026-01-30T14:25:53","slug":"autem","status":"publish","type":"page","link":"https:\/\/www.nasardinku.cz\/?page_id=150","title":{"rendered":"autem"},"content":{"rendered":"<p>P\u0159i n\u00e1v\u0161t\u011bv\u011b Sardinie by byla jednozna\u010dn\u011b chyba z\u016fstat pouze u objevov\u00e1n\u00ed nejbli\u017e\u0161\u00edho okol\u00ed.\u00a0 Poskytneme v\u00e1m auto na celou dobu pobytu \u010di zajist\u00edme pozn\u00e1vac\u00ed v\u00fdlety s pr\u016fvodcem. Zde p\u00e1r tip\u016f na v\u00fdlety v okol\u00ed:<\/p>\n<table>\n<tbody>\n<tr>\n<td width=\"189\"><strong>Pl\u00e1\u017ee<\/strong><\/td>\n<td width=\"214\"><strong>P\u0159\u00edroda<\/strong><\/td>\n<td width=\"201\"><strong>Pam\u00e1tky<\/strong><\/td>\n<\/tr>\n<tr>\n<td width=\"189\">San Pietro a mare<\/td>\n<td width=\"214\">Term\u00e1ln\u00ed prameny Casteldoria<\/td>\n<td width=\"201\">Castelsardo<\/td>\n<\/tr>\n<tr>\n<td width=\"189\">Baia delle mimose<\/td>\n<td width=\"214\">Pta\u010d\u00ed rezervace Valledoria<\/td>\n<td width=\"201\">Sedini Domus de Janas<\/td>\n<\/tr>\n<tr>\n<td width=\"189\">Li Ferruli<\/td>\n<td width=\"214\">Pob\u0159e\u017en\u00ed trek Tinnari<\/td>\n<td width=\"201\">Viddalba &#8211; museo<\/td>\n<\/tr>\n<tr>\n<td width=\"189\">Isola rossa<\/td>\n<td width=\"214\">Capo Testa<\/td>\n<td width=\"201\">Aggius &#8211; museo<\/td>\n<\/tr>\n<tr>\n<td width=\"189\">Costa paradiso<\/td>\n<td width=\"214\">Monte Limbara<\/td>\n<td width=\"201\">Porto Torres &#8211; museo<\/td>\n<\/tr>\n<tr>\n<td width=\"189\">Cala Sarraina<\/td>\n<td width=\"214\">Zkamen\u011bl\u00e9 stromy Perfugas<\/td>\n<td width=\"201\">Monte d\u2018Accodi<\/td>\n<\/tr>\n<tr>\n<td width=\"189\">Santa Teresa di Gallura<\/td>\n<td width=\"214\">Asinara<\/td>\n<td width=\"201\">Nuraghe Santu Antine<\/td>\n<\/tr>\n<tr>\n<td width=\"189\">Baia Ostina<\/td>\n<td width=\"214\">La Maddalena<\/td>\n<td width=\"201\">Roccia dell\u2018elefante<\/td>\n<\/tr>\n<tr>\n<td width=\"189\">La Pelosa<\/td>\n<td width=\"214\">Gola Goroppu<\/td>\n<td width=\"201\">Palmavera<\/td>\n<\/tr>\n<tr>\n<td width=\"189\">Platamona<\/td>\n<td width=\"214\">Grotta di Nettuno<\/td>\n<td width=\"201\">Basilica Saccargia<\/td>\n<\/tr>\n<\/tbody>\n<\/table>\n","protected":false},"excerpt":{"rendered":"<p>P\u0159i n\u00e1v\u0161t\u011bv\u011b Sardinie by byla jednozna\u010dn\u011b chyba z\u016fstat pouze u objevov\u00e1n\u00ed nejbli\u017e\u0161\u00edho okol\u00ed.\u00a0 Poskytneme v\u00e1m auto na celou dobu pobytu \u010di zajist\u00edme pozn\u00e1vac\u00ed v\u00fdlety s pr\u016fvodcem. Zde p\u00e1r tip\u016f na v\u00fdlety v okol\u00ed: Pl\u00e1\u017ee P\u0159\u00edroda Pam\u00e1tky San Pietro a mare Term\u00e1ln\u00ed prameny Casteldoria Castelsardo Baia delle mimose Pta\u010d\u00ed rezervace Valledoria Sedini Domus de Janas Li Ferruli Pob\u0159e\u017en\u00ed trek Tinnari Viddalba &#8211; museo Isola rossa Capo Testa Aggius &#8211; museo Costa paradiso Monte Limbara Porto Torres &#8211; museo Cala Sarraina Zkamen\u011bl\u00e9 stromy Perfugas Monte d\u2018Accodi Santa Teresa di Gallura Asinara Nuraghe Santu Antine Baia Ostina La Maddalena Roccia dell\u2018elefante La Pelosa Gola Goroppu Palmavera Platamona Grotta di Nettuno Basilica Saccargia<\/p>\n","protected":false},"author":1,"featured_media":0,"parent":13,"menu_order":0,"comment_status":"open","ping_status":"open","template":"","meta":{"footnotes":""},"class_list":["post-150","page","type-page","status-publish","hentry"],"_links":{"self":[{"href":"https:\/\/www.nasardinku.cz\/index.php?rest_route=\/wp\/v2\/pages\/150","targetHints":{"allow":["GET"]}}],"collection":[{"href":"https:\/\/www.nasardinku.cz\/index.php?rest_route=\/wp\/v2\/pages"}],"about":[{"href":"https:\/\/www.nasardinku.cz\/index.php?rest_route=\/wp\/v2\/types\/page"}],"author":[{"embeddable":true,"href":"https:\/\/www.nasardinku.cz\/index.php?rest_route=\/wp\/v2\/users\/1"}],"replies":[{"embeddable":true,"href":"https:\/\/www.nasardinku.cz\/index.php?rest_route=%2Fwp%2Fv2%2Fcomments&post=150"}],"version-history":[{"count":15,"href":"https:\/\/www.nasardinku.cz\/index.php?rest_route=\/wp\/v2\/pages\/150\/revisions"}],"predecessor-version":[{"id":2455,"href":"https:\/\/www.nasardinku.cz\/index.php?rest_route=\/wp\/v2\/pages\/150\/revisions\/2455"}],"up":[{"embeddable":true,"href":"https:\/\/www.nasardinku.cz\/index.php?rest_route=\/wp\/v2\/pages\/13"}],"wp:attachment":[{"href":"https:\/\/www.nasardinku.cz\/index.php?rest_route=%2Fwp%2Fv2%2Fmedia&parent=150"}],"curies":[{"name":"wp","href":"https:\/\/api.w.org\/{rel}","templated":true}]}}