{"id":175,"date":"2014-04-10T11:54:47","date_gmt":"2014-04-10T09:54:47","guid":{"rendered":"http:\/\/www.nasardinku.cz\/?page_id=175"},"modified":"2026-01-30T15:56:03","modified_gmt":"2026-01-30T14:56:03","slug":"aktivity","status":"publish","type":"page","link":"https:\/\/www.nasardinku.cz\/?page_id=175","title":{"rendered":"Aktivity"},"content":{"rendered":"<p>Pro aktivn\u00ed jedince nab\u00edz\u00edme ve spolupr\u00e1ci s na\u0161imi kamar\u00e1dy pozn\u00e1vac\u00ed pobyty s \u0159\u00edzen\u00fdm programem. Pro mo\u017enosti a kontakt na organiz\u00e1tory (v\u0161e samoz\u0159ejm\u011b v \u010desk\u00e9m jazyce) nav\u0161tive str\u00e1nku <a href=\"https:\/\/www.basecampsardinia.cz\/\">basecampsardinia.cz&nbsp;<\/a><\/p>\n<p><strong>D\u00e1le nab\u00edz\u00edme rozli\u010dn\u00e9 aktivity t\u00fddenn\u00ed, jednor\u00e1zov\u00e9 i na m\u00edru jako cvi\u010den\u00ed, j\u00edzda na kon\u00edch, v\u00fdtvarn\u00e9, saunov\u00e1n\u00ed, programy pro d\u011bti, p\u016fj\u010dovna sportovn\u00edho vybaven\u00ed&#8230; Sta\u010d\u00ed n\u00e1s kontaktovat<\/strong><\/p>\n<p><a href=\"http:\/\/www.nasardinku.cz\/wp-content\/uploads\/2025\/01\/Letak-saunovani-2025.png\"><img loading=\"lazy\" decoding=\"async\" class=\"aligncenter size-full wp-image-2236\" src=\"http:\/\/www.nasardinku.cz\/wp-content\/uploads\/2025\/01\/Letak-saunovani-2025.png\" alt=\"\" width=\"648\" height=\"911\" srcset=\"https:\/\/www.nasardinku.cz\/wp-content\/uploads\/2025\/01\/Letak-saunovani-2025.png 648w, https:\/\/www.nasardinku.cz\/wp-content\/uploads\/2025\/01\/Letak-saunovani-2025-213x300.png 213w\" sizes=\"auto, (max-width: 648px) 100vw, 648px\" \/><\/a> <a href=\"http:\/\/www.nasardinku.cz\/wp-content\/uploads\/2025\/01\/Letak-cviceni-2025.png\"><img loading=\"lazy\" decoding=\"async\" class=\"aligncenter size-full wp-image-2237\" src=\"http:\/\/www.nasardinku.cz\/wp-content\/uploads\/2025\/01\/Letak-cviceni-2025.png\" alt=\"\" width=\"642\" height=\"907\" srcset=\"https:\/\/www.nasardinku.cz\/wp-content\/uploads\/2025\/01\/Letak-cviceni-2025.png 642w, https:\/\/www.nasardinku.cz\/wp-content\/uploads\/2025\/01\/Letak-cviceni-2025-212x300.png 212w\" sizes=\"auto, (max-width: 642px) 100vw, 642px\" \/><\/a> <a href=\"http:\/\/www.nasardinku.cz\/wp-content\/uploads\/2025\/01\/Letak-kone-2025.png\"><img loading=\"lazy\" decoding=\"async\" class=\"aligncenter size-full wp-image-2238\" src=\"http:\/\/www.nasardinku.cz\/wp-content\/uploads\/2025\/01\/Letak-kone-2025.png\" alt=\"\" width=\"647\" height=\"906\" srcset=\"https:\/\/www.nasardinku.cz\/wp-content\/uploads\/2025\/01\/Letak-kone-2025.png 647w, https:\/\/www.nasardinku.cz\/wp-content\/uploads\/2025\/01\/Letak-kone-2025-214x300.png 214w\" sizes=\"auto, (max-width: 647px) 100vw, 647px\" \/><\/a><\/p>\n<p><strong><em>Pot\u00e1p\u011bn\u00ed, \u0161norchlov\u00e1n\u00ed<\/em><\/strong><\/p>\n<p>Pob\u0159e\u017e\u00ed Sardinie je vyhled\u00e1van\u00fdm m\u00edstem pro pot\u00e1p\u011bn\u00ed. Nejbli\u017e\u0161\u00ed pot\u00e1p\u011b\u010dsk\u00e9 centrum je vzd\u00e1len\u00e9 asi 8 km u m\u011bste\u010dka Castelsardo. Dal\u0161\u00ed centra se nach\u00e1z\u00ed na nedalek\u00fdch Isola Rossa a Costa Paradiso.<\/p>\n<p><strong><em>Windsurfing<\/em><\/strong><\/p>\n<p>Severoz\u00e1padn\u00ed pob\u0159e\u017e\u00ed je obl\u00edben\u00fdm c\u00edlem surfa\u0159\u016f zvl\u00e1\u0161\u0165 na ja\u0159e a na podzim kv\u016fli siln\u00e9mu v\u011btru Mistral. Ve Valledorii La Foce se nach\u00e1z\u00ed centra \u0161koly surfingu, p\u016fj\u010dovny atp. Nach\u00e1z\u00ed se u \u00fast\u00ed \u0159eky. I v letn\u00edch m\u011bs\u00edc\u00edch jsou vlny na \u0161irok\u00e9 otev\u0159en\u00e9 pl\u00e1\u017ei l\u00e1kadlem pro surfa\u0159e a obdobn\u00e9 vodn\u00ed sporty.<\/p>\n<p><strong><em>Lod\u011b, \u0161lapadla<\/em><\/strong><\/p>\n<p>U \u00fast\u00ed \u0159eky Coghinas je mo\u017en\u00e9 zap\u016fj\u010dit si lo\u010fky, \u0161lapadla. \u0158\u00ed\u010dka zde vytv\u00e1\u0159\u00ed \u0161irok\u00e9 z\u00e1to\u010diny a z\u00e1kout\u00ed, kde je mo\u017en\u00e9 v klidn\u00e9m prost\u0159ed\u00ed jezdit i s d\u011btmi. Velk\u00e1 p\u016fj\u010dovna se nach\u00e1z\u00ed na jednom z jez\u00edrek, kter\u00e9 \u0159eka vytv\u00e1\u0159\u00ed. Dostanete se k n\u011bmu odbo\u010dkou, kter\u00e1 jako prvn\u00ed n\u00e1sleduje po odbo\u010dce na San Pietro a mare. Cesta vede kolem velk\u00e9ho campu na za\u010d\u00e1tku Valledorie. P\u00e1r metr\u016f proti proudu tak\u00e9 naleznete p\u016fj\u010dovnu, kter\u00e1 organizuje sj\u00ed\u017ed\u011bn\u00ed \u0159eky na kajac\u00edch.<\/p>\n<p><strong><em>Hory<\/em><\/strong><\/p>\n<p>Sardinie je hornat\u00fd ostrov s v\u00fdborn\u00fdmi p\u0159\u00edle\u017eitostmi jak k v\u00fdlet\u016fm, tak k horolezectv\u00ed. Mo\u017enost\u00ed k v\u00fdlet\u016fm do hor je nes\u010detn\u00e9 mno\u017estv\u00ed, n\u011bkter\u00e9 z nich naleznete v z\u00e1lo\u017ece v\u00fdlety.<\/p>\n<p><strong><em>Kon\u011b<\/em><\/strong><\/p>\n<p>Aktivn\u011b spolupracujeme s j\u00edzd\u00e1nou, kter\u00e1 je otev\u0159ena po cel\u00fd rok. Nab\u00edz\u00ed lekce, vyj\u00ed\u017e\u010fky do vnitrozem\u00ed, po pob\u0159e\u017e\u00ed, kr\u00e1tk\u00e9, nebo i celodenn\u00ed aktivity. V l\u00e9t\u011b maj\u00ed i t\u00e1bor pro d\u011bti, na kter\u00fd je mo\u017en\u00e9 doch\u00e1zet jen p\u0159es den, nebo i se span\u00edm ve stanech. P\u0159ihl\u00e1sit se d\u00e1 na libovoln\u00fd po\u010det dn\u00ed.<\/p>\n<p><strong><em>Agroturismus<\/em><\/strong><\/p>\n<p>V asi 1,5 km vz\u00e1len\u00e9 La Mudizza uprost\u0159ed vinic se nach\u00e1z\u00ed vina\u0159stv\u00ed nab\u00edzej\u00edc\u00ed agroturismus, celodenn\u00ed programy, ve\u010dern\u00ed ochutn\u00e1vky atp. Vina\u0159\u016f a zem\u011bd\u011blc\u016f, kte\u0159\u00ed pod n\u00e1zvem agroturismus nab\u00edzej\u00ed takov\u00e9to programy pro turisty je po cel\u00e9 Sardinii velk\u00e9 mno\u017estv\u00ed. Naleznete je snadno podle \u0161ipek u cest.<\/p>\n<p><strong><em>Kulturn\u00ed akce<\/em><\/strong><\/p>\n<p>Sardov\u00e9 velice r\u00e1di slav\u00ed a tak v pr\u016fb\u011bhu cel\u00e9ho roku a v l\u00e9t\u011b pak obzvl\u00e1\u0161\u0165 prob\u00edh\u00e1 v\u0161ude velk\u00e9 mno\u017estv\u00ed kulturn\u00edch akc\u00ed.<\/p>\n<p><script><br \/>\n  (function(i,s,o,g,r,a,m){i['GoogleAnalyticsObject']=r;i[r]=i[r]||function(){<br \/>\n  (i[r].q=i[r].q||[]).push(arguments)},i[r].l=1*new Date();a=s.createElement(o),<br \/>\n  m=s.getElementsByTagName(o)[0];a.async=1;a.src=g;m.parentNode.insertBefore(a,m)<br \/>\n  })(window,document,'script','\/\/www.google-analytics.com\/analytics.js','ga');<\/p>\n<p>  ga('create', 'UA-72010429-1', 'auto');<br \/>\n  ga('send', 'pageview');<\/p>\n<p><\/script><\/p>\n","protected":false},"excerpt":{"rendered":"<p>Pro aktivn\u00ed jedince nab\u00edz\u00edme ve spolupr\u00e1ci s na\u0161imi kamar\u00e1dy pozn\u00e1vac\u00ed pobyty s \u0159\u00edzen\u00fdm programem. Pro mo\u017enosti a kontakt na organiz\u00e1tory (v\u0161e samoz\u0159ejm\u011b v \u010desk\u00e9m jazyce) nav\u0161tive str\u00e1nku basecampsardinia.cz&nbsp; D\u00e1le nab\u00edz\u00edme rozli\u010dn\u00e9 aktivity t\u00fddenn\u00ed, jednor\u00e1zov\u00e9 i na m\u00edru jako cvi\u010den\u00ed, j\u00edzda na kon\u00edch, v\u00fdtvarn\u00e9, saunov\u00e1n\u00ed, programy pro d\u011bti, p\u016fj\u010dovna sportovn\u00edho vybaven\u00ed&#8230; Sta\u010d\u00ed n\u00e1s kontaktovat Pot\u00e1p\u011bn\u00ed, \u0161norchlov\u00e1n\u00ed Pob\u0159e\u017e\u00ed Sardinie je vyhled\u00e1van\u00fdm m\u00edstem pro pot\u00e1p\u011bn\u00ed. Nejbli\u017e\u0161\u00ed pot\u00e1p\u011b\u010dsk\u00e9 centrum je vzd\u00e1len\u00e9 asi 8 km u m\u011bste\u010dka Castelsardo. Dal\u0161\u00ed centra se nach\u00e1z\u00ed na nedalek\u00fdch Isola Rossa a Costa Paradiso. Windsurfing Severoz\u00e1padn\u00ed pob\u0159e\u017e\u00ed je obl\u00edben\u00fdm c\u00edlem surfa\u0159\u016f zvl\u00e1\u0161\u0165 na ja\u0159e a na podzim kv\u016fli siln\u00e9mu v\u011btru Mistral. Ve Valledorii La Foce se nach\u00e1z\u00ed centra \u0161koly surfingu, p\u016fj\u010dovny atp. Nach\u00e1z\u00ed se u \u00fast\u00ed \u0159eky. I v letn\u00edch m\u011bs\u00edc\u00edch jsou vlny na \u0161irok\u00e9 otev\u0159en\u00e9 pl\u00e1\u017ei l\u00e1kadlem pro surfa\u0159e a obdobn\u00e9 vodn\u00ed sporty. Lod\u011b, \u0161lapadla U \u00fast\u00ed \u0159eky Coghinas je mo\u017en\u00e9 zap\u016fj\u010dit si lo\u010fky, \u0161lapadla. \u0158\u00ed\u010dka zde vytv\u00e1\u0159\u00ed \u0161irok\u00e9 z\u00e1to\u010diny a z\u00e1kout\u00ed, kde je mo\u017en\u00e9 v klidn\u00e9m prost\u0159ed\u00ed jezdit i s d\u011btmi. Velk\u00e1 p\u016fj\u010dovna se nach\u00e1z\u00ed na jednom z jez\u00edrek, kter\u00e9 \u0159eka vytv\u00e1\u0159\u00ed. Dostanete se k n\u011bmu odbo\u010dkou, kter\u00e1 jako prvn\u00ed n\u00e1sleduje po odbo\u010dce na San Pietro a mare. Cesta vede kolem velk\u00e9ho campu na za\u010d\u00e1tku Valledorie. P\u00e1r metr\u016f proti proudu tak\u00e9 naleznete p\u016fj\u010dovnu, kter\u00e1 organizuje sj\u00ed\u017ed\u011bn\u00ed \u0159eky na kajac\u00edch. Hory Sardinie je hornat\u00fd ostrov s v\u00fdborn\u00fdmi p\u0159\u00edle\u017eitostmi jak k v\u00fdlet\u016fm, tak k horolezectv\u00ed. Mo\u017enost\u00ed k v\u00fdlet\u016fm do hor je nes\u010detn\u00e9 mno\u017estv\u00ed, n\u011bkter\u00e9 z nich naleznete v z\u00e1lo\u017ece v\u00fdlety. Kon\u011b Aktivn\u011b spolupracujeme s j\u00edzd\u00e1nou, kter\u00e1 je otev\u0159ena po cel\u00fd <a class=\"read-more\" href=\"https:\/\/www.nasardinku.cz\/?page_id=175\">Continue Reading &#8594;<\/a><\/p>\n","protected":false},"author":1,"featured_media":0,"parent":0,"menu_order":5,"comment_status":"open","ping_status":"open","template":"","meta":{"footnotes":""},"class_list":["post-175","page","type-page","status-publish","hentry"],"_links":{"self":[{"href":"https:\/\/www.nasardinku.cz\/index.php?rest_route=\/wp\/v2\/pages\/175","targetHints":{"allow":["GET"]}}],"collection":[{"href":"https:\/\/www.nasardinku.cz\/index.php?rest_route=\/wp\/v2\/pages"}],"about":[{"href":"https:\/\/www.nasardinku.cz\/index.php?rest_route=\/wp\/v2\/types\/page"}],"author":[{"embeddable":true,"href":"https:\/\/www.nasardinku.cz\/index.php?rest_route=\/wp\/v2\/users\/1"}],"replies":[{"embeddable":true,"href":"https:\/\/www.nasardinku.cz\/index.php?rest_route=%2Fwp%2Fv2%2Fcomments&post=175"}],"version-history":[{"count":11,"href":"https:\/\/www.nasardinku.cz\/index.php?rest_route=\/wp\/v2\/pages\/175\/revisions"}],"predecessor-version":[{"id":2463,"href":"https:\/\/www.nasardinku.cz\/index.php?rest_route=\/wp\/v2\/pages\/175\/revisions\/2463"}],"wp:attachment":[{"href":"https:\/\/www.nasardinku.cz\/index.php?rest_route=%2Fwp%2Fv2%2Fmedia&parent=175"}],"curies":[{"name":"wp","href":"https:\/\/api.w.org\/{rel}","templated":true}]}}