{"id":88,"date":"2014-03-25T09:04:44","date_gmt":"2014-03-25T08:04:44","guid":{"rendered":"http:\/\/www.nasardinku.cz\/?page_id=88"},"modified":"2016-01-05T14:48:52","modified_gmt":"2016-01-05T13:48:52","slug":"zakladni-informace","status":"publish","type":"page","link":"https:\/\/www.nasardinku.cz\/?page_id=88","title":{"rendered":"Z\u00e1kladn\u00ed informace"},"content":{"rendered":"<p>Sardinie je ostrovem st\u0159edozemn\u00edho mo\u0159e, kter\u00fd tvo\u0159\u00ed s dal\u0161\u00edmi men\u0161\u00edmi p\u0159idru\u017een\u00fdmi ostrovy autonomn\u00ed oblast It\u00e1lie. Le\u017e\u00ed jihoz\u00e1pad\u011b od\u00a0It\u00e1lie, pod francouzsk\u00fdm ostrovem Korsika.<\/p>\n<p>S rozlohou cca 24 000 km \u010dtvere\u010dn\u00edch je po Sic\u00edlii druh\u00fdm nejv\u011bt\u0161\u00edm ostrovem st\u0159edomo\u0159\u00ed. Ostrov je p\u0159ev\u00e1\u017en\u011b hornat\u00fd, nejvy\u0161\u0161\u00ed vrchol dosahuje v\u00fd\u0161ky 1834 m; nejvy\u0161\u0161\u00ed horu Punta La Marmora\u00a0najdete v srdci ostrova v poho\u0159\u00ed Gennargentu.<\/p>\n<p>Ostrov je na d\u00e9lku dlouh\u00fd 267 km, na \u0161\u00ed\u0159ku 120 km, co\u017e pro p\u0159edstavu odpov\u00edd\u00e1 zhruba velikosti Moravy.<\/p>\n<p>Na Sardinie \u017eije asi 1.600.000 obyvatel. Ostrov je tedy pom\u011brn\u011b \u0159\u00eddce os\u00eddlen &#8211; asi 68 obyvatel na kilometr\u00a0\u010dtvere\u010dn\u00ed. \u00da\u0159edn\u00edm jazykem je Ital\u0161tina, v\u011bt\u0161ina obyvatel u\u017e\u00edv\u00e1 krom\u011b ital\u0161tiny sard\u0161tinu v mnoha n\u00e1\u0159e\u010dn\u00edch variac\u00edch. Sard\u0161tina je uzn\u00e1na jako samostatn\u00fd rom\u00e1nsk\u00fd jazyk. V\u00edce ne\u017e polovina obyvatel pracuje v zem\u011bd\u011blstv\u00ed; v\u00fdrazn\u00fdm rysem ostrova je pastevectv\u00ed. Na ovce na Sardinii naraz\u00edte na ka\u017ed\u00e9m kroku.<\/p>\n<p>Od roku 1948 je Sardinie autonomn\u00ed oblast\u00ed se zvl\u00e1\u0161tn\u00edm postaven\u00edm. D\u011bl\u00ed se na \u010dty\u0159i provincie:\u00a0Cagliari, Sassari, Oristano, Nuoro.\u00a0Hlavn\u00edm m\u011bstem je Cagliari le\u017e\u00edc\u00ed na ji\u017en\u00edm pob\u0159e\u017e\u00ed ostrova. Dal\u0161\u00edm velk\u00fdm m\u011bstem je Sassari na z\u00e1padn\u00edm pob\u0159e\u017e\u00ed, nejv\u011bt\u0161\u00edmi p\u0159\u00edstavy jsou Olbia a Porto Torres. Sardinie disponuje t\u0159emi mezin\u00e1rodn\u00edmi leti\u0161ti &#8211; Olbia, Alghero, Cagliari.<\/p>\n<p><a href=\"http:\/\/www.nasardinku.cz\/wp-content\/uploads\/2014\/04\/12.jpg\"><img loading=\"lazy\" decoding=\"async\" class=\"aligncenter size-full wp-image-143\" alt=\"Mapa Sardinie\" src=\"http:\/\/www.nasardinku.cz\/wp-content\/uploads\/2014\/04\/12.jpg\" width=\"1479\" height=\"2400\" srcset=\"https:\/\/www.nasardinku.cz\/wp-content\/uploads\/2014\/04\/12.jpg 1479w, https:\/\/www.nasardinku.cz\/wp-content\/uploads\/2014\/04\/12-184x300.jpg 184w, https:\/\/www.nasardinku.cz\/wp-content\/uploads\/2014\/04\/12-631x1024.jpg 631w\" sizes=\"auto, (max-width: 1479px) 100vw, 1479px\" \/><\/a><\/p>\n<p>&nbsp;<\/p>\n<p><script>\n  (function(i,s,o,g,r,a,m){i['GoogleAnalyticsObject']=r;i[r]=i[r]||function(){\n  (i[r].q=i[r].q||[]).push(arguments)},i[r].l=1*new Date();a=s.createElement(o),\n  m=s.getElementsByTagName(o)[0];a.async=1;a.src=g;m.parentNode.insertBefore(a,m)\n  })(window,document,'script','\/\/www.google-analytics.com\/analytics.js','ga');<\/p>\n<p>  ga('create', 'UA-72010429-1', 'auto');\n  ga('send', 'pageview');<\/p>\n<p><\/script><\/p>\n","protected":false},"excerpt":{"rendered":"<p>Sardinie je ostrovem st\u0159edozemn\u00edho mo\u0159e, kter\u00fd tvo\u0159\u00ed s dal\u0161\u00edmi men\u0161\u00edmi p\u0159idru\u017een\u00fdmi ostrovy autonomn\u00ed oblast It\u00e1lie. Le\u017e\u00ed jihoz\u00e1pad\u011b od\u00a0It\u00e1lie, pod francouzsk\u00fdm ostrovem Korsika. S rozlohou cca 24 000 km \u010dtvere\u010dn\u00edch je po Sic\u00edlii druh\u00fdm nejv\u011bt\u0161\u00edm ostrovem st\u0159edomo\u0159\u00ed. Ostrov je p\u0159ev\u00e1\u017en\u011b hornat\u00fd, nejvy\u0161\u0161\u00ed vrchol dosahuje v\u00fd\u0161ky 1834 m; nejvy\u0161\u0161\u00ed horu Punta La Marmora\u00a0najdete v srdci ostrova v poho\u0159\u00ed Gennargentu. Ostrov je na d\u00e9lku dlouh\u00fd 267 km, na \u0161\u00ed\u0159ku 120 km, co\u017e pro p\u0159edstavu odpov\u00edd\u00e1 zhruba velikosti Moravy. Na Sardinie \u017eije asi 1.600.000 obyvatel. Ostrov je tedy pom\u011brn\u011b \u0159\u00eddce os\u00eddlen &#8211; asi 68 obyvatel na kilometr\u00a0\u010dtvere\u010dn\u00ed. \u00da\u0159edn\u00edm jazykem je Ital\u0161tina, v\u011bt\u0161ina obyvatel u\u017e\u00edv\u00e1 krom\u011b ital\u0161tiny sard\u0161tinu v mnoha n\u00e1\u0159e\u010dn\u00edch variac\u00edch. Sard\u0161tina je uzn\u00e1na jako samostatn\u00fd rom\u00e1nsk\u00fd jazyk. V\u00edce ne\u017e polovina obyvatel pracuje v zem\u011bd\u011blstv\u00ed; v\u00fdrazn\u00fdm rysem ostrova je pastevectv\u00ed. Na ovce na Sardinii naraz\u00edte na ka\u017ed\u00e9m kroku. Od roku 1948 je Sardinie autonomn\u00ed oblast\u00ed se zvl\u00e1\u0161tn\u00edm postaven\u00edm. D\u011bl\u00ed se na \u010dty\u0159i provincie:\u00a0Cagliari, Sassari, Oristano, Nuoro.\u00a0Hlavn\u00edm m\u011bstem je Cagliari le\u017e\u00edc\u00ed na ji\u017en\u00edm pob\u0159e\u017e\u00ed ostrova. Dal\u0161\u00edm velk\u00fdm m\u011bstem je Sassari na z\u00e1padn\u00edm pob\u0159e\u017e\u00ed, nejv\u011bt\u0161\u00edmi p\u0159\u00edstavy jsou Olbia a Porto Torres. Sardinie disponuje t\u0159emi mezin\u00e1rodn\u00edmi leti\u0161ti &#8211; Olbia, Alghero, Cagliari. &nbsp;<\/p>\n","protected":false},"author":1,"featured_media":0,"parent":5,"menu_order":1,"comment_status":"open","ping_status":"open","template":"","meta":{"footnotes":""},"class_list":["post-88","page","type-page","status-publish","hentry"],"_links":{"self":[{"href":"https:\/\/www.nasardinku.cz\/index.php?rest_route=\/wp\/v2\/pages\/88","targetHints":{"allow":["GET"]}}],"collection":[{"href":"https:\/\/www.nasardinku.cz\/index.php?rest_route=\/wp\/v2\/pages"}],"about":[{"href":"https:\/\/www.nasardinku.cz\/index.php?rest_route=\/wp\/v2\/types\/page"}],"author":[{"embeddable":true,"href":"https:\/\/www.nasardinku.cz\/index.php?rest_route=\/wp\/v2\/users\/1"}],"replies":[{"embeddable":true,"href":"https:\/\/www.nasardinku.cz\/index.php?rest_route=%2Fwp%2Fv2%2Fcomments&post=88"}],"version-history":[{"count":7,"href":"https:\/\/www.nasardinku.cz\/index.php?rest_route=\/wp\/v2\/pages\/88\/revisions"}],"predecessor-version":[{"id":810,"href":"https:\/\/www.nasardinku.cz\/index.php?rest_route=\/wp\/v2\/pages\/88\/revisions\/810"}],"up":[{"embeddable":true,"href":"https:\/\/www.nasardinku.cz\/index.php?rest_route=\/wp\/v2\/pages\/5"}],"wp:attachment":[{"href":"https:\/\/www.nasardinku.cz\/index.php?rest_route=%2Fwp%2Fv2%2Fmedia&parent=88"}],"curies":[{"name":"wp","href":"https:\/\/api.w.org\/{rel}","templated":true}]}}