{"id":90,"date":"2014-03-25T09:52:36","date_gmt":"2014-03-25T08:52:36","guid":{"rendered":"http:\/\/www.nasardinku.cz\/?page_id=90"},"modified":"2016-01-05T14:49:15","modified_gmt":"2016-01-05T13:49:15","slug":"podnebi","status":"publish","type":"page","link":"https:\/\/www.nasardinku.cz\/?page_id=90","title":{"rendered":"Podneb\u00ed"},"content":{"rendered":"<p><strong>Sardinie<\/strong> m\u00e1 st\u0159edomo\u0159sk\u00e9 klima, je zde teplo a pr\u0161\u00ed m\u00e1lo. D\u00edky sv\u00e9mu klimatu je v pr\u016fm\u011bru 300 dn\u00ed v roce slune\u010dno. \u00a0Jedin\u00fdmi zimn\u00edmi m\u011bs\u00edci jsou zde leden a \u00fanor, kdy se teploty pohybuj\u00ed kolem patn\u00e1cti stup\u0148\u016f. Toto obdob\u00ed se vyzna\u010duje \u010dast\u00fdmi sr\u00e1\u017ekami, d\u00edky \u010demu\u017e je ostrov bohat\u00fd na vegetaci. Tyto m\u011bs\u00edce by se daly p\u0159irovnat k na\u0161emu jaru. \u00a0Sn\u00edh se objevuje jen na hor\u00e1ch (je zde dokonce mo\u017enost ly\u017eov\u00e1n\u00ed), sn\u011b\u017een\u00ed mimo horsk\u00e9 oblasti je vz\u00e1cn\u00e9.<\/p>\n<p>Sardinie se vyzna\u010duje dlouh\u00fdmi a stabiln\u00edmi l\u00e9ty. B\u011bhem l\u00e9ta, trvaj\u00edc\u00edho od kv\u011btna do \u0159\u00edjna, zde pr\u0161\u00ed v pr\u016fm\u011bru jeden den v m\u011bs\u00edci a teploty se pohybuj\u00ed kolem 30\u00b0C. V letn\u00edch m\u011bs\u00edc\u00edch se sice m\u016f\u017eete setkat se sr\u00e1\u017ekami, ale jsou pouze n\u00e1razov\u00e9 a b\u011bhem n\u011bkolika hodin odezn\u00ed. L\u00e9ta jsou hork\u00e1, ale d\u00edky v\u011btr\u016fm vanouc\u00edm od mo\u0159e b\u00fdvaj\u00ed dob\u0159e snesiteln\u00e1. Sez\u00f3na zde za\u010d\u00edn\u00e1 Velikonocemi, vrchol\u00ed v srpnu a kon\u010d\u00ed v \u0159\u00edjnu.<\/p>\n<p>Na ja\u0159e a na podzim (b\u0159ezen-duben, listopad-prosinec) se teploty pohybuj\u00ed v\u011bt\u0161inou kolem 20\u00b0C. Tato obdob\u00ed jsou ide\u00e1ln\u00ed k turistice a prozkoum\u00e1v\u00e1n\u00ed ostrova. V dubnu a listopadu je\u0161t\u011b mohou teploty vystoupat k 28\u00b0C.<\/p>\n<p>D\u00edky vlivu mo\u0159e jsou pr\u016fm\u011brn\u00e9 teploty m\u00edrn\u011bj\u0161\u00ed v l\u00e9t\u011b i v zim\u011b.<\/p>\n<p><strong>Podneb\u00ed je ovliv\u0148ov\u00e1no p\u0159edev\u0161\u00edm v\u011btry.<\/strong><\/p>\n<p>Na severoz\u00e1pad\u011b ostrova je to atlantick\u00fd chladn\u00fd Mistral, ze z\u00e1padu vlhk\u00fd Libeccio a z jihu such\u00fd africk\u00fd v\u00edtr Scirocco. D\u00edky t\u011bmto v\u011btr\u016fm b\u00fdv\u00e1 po\u010das\u00ed na severu i jihu ostrova rozd\u00edln\u00e9, na jihu b\u00fdv\u00e1 p\u0159ev\u00e1\u017en\u011b o 4 &#8211; 6 stup\u0148\u016f v\u00edce, co\u017e zna\u010dn\u011b prodlu\u017euje letn\u00ed sez\u00f3nu. Tomu napom\u00e1h\u00e1 i kr\u00e1sn\u00fdch 300 slune\u010dn\u00edch dn\u00ed v roce.<\/p>\n<p>Co se t\u00fdk\u00e1 teploty vody v mo\u0159i, tak je nejvy\u0161\u0161\u00ed na konci l\u00e9ta v srpnu a v z\u00e1\u0159\u00ed, kdy dosahuje a\u017e 28\u00b0C.<\/p>\n<p><span style=\"text-decoration: underline;\"><strong>Pr\u016fm\u011brn\u00e9 teploty b\u011bhem letn\u00ed sez\u00f3ny<\/strong><\/span><\/p>\n<table width=\"448\" border=\"0\" cellspacing=\"0\" cellpadding=\"0\">\n<colgroup>\n<col span=\"7\" width=\"64\" \/><\/colgroup>\n<tbody>\n<tr>\n<td width=\"64\" height=\"21\"><span style=\"font-family: Calibri; font-size: medium;\">\u00a0<\/span><\/td>\n<td width=\"64\"><span style=\"font-family: Calibri; font-size: medium;\">kv\u011bten<\/span><\/td>\n<td width=\"64\"><span style=\"font-family: Calibri; font-size: medium;\">\u010derven<\/span><\/td>\n<td width=\"64\"><span style=\"font-family: Calibri; font-size: medium;\">\u010dervenec<\/span><\/td>\n<td width=\"64\"><span style=\"font-family: Calibri; font-size: medium;\">srpen<\/span><\/td>\n<td width=\"64\"><span style=\"font-family: Calibri; font-size: medium;\">z\u00e1\u0159\u00ed<\/span><\/td>\n<td width=\"64\"><span style=\"font-family: Calibri; font-size: medium;\">\u0159\u00edjen<\/span><\/td>\n<\/tr>\n<tr>\n<td height=\"20\"><span style=\"font-family: Calibri; font-size: medium;\">vzduch<\/span><\/td>\n<td><span style=\"font-family: Calibri; font-size: medium;\">22\u00b0C<\/span><\/td>\n<td><span style=\"font-family: Calibri; font-size: medium;\">26\u00b0C<\/span><\/td>\n<td><span style=\"font-family: Calibri; font-size: medium;\">28\u00b0C<\/span><\/td>\n<td><span style=\"font-family: Calibri; font-size: medium;\">29\u00b0C<\/span><\/td>\n<td><span style=\"font-family: Calibri; font-size: medium;\">26\u00b0C<\/span><\/td>\n<td><span style=\"font-family: Calibri; font-size: medium;\">23\u00b0C<\/span><\/td>\n<\/tr>\n<tr>\n<td height=\"21\"><span style=\"font-family: Calibri; font-size: medium;\">mo\u0159e<\/span><\/td>\n<td><span style=\"font-family: Calibri; font-size: medium;\">20\u00b0C<\/span><\/td>\n<td><span style=\"font-family: Calibri; font-size: medium;\">24\u00b0C<\/span><\/td>\n<td><span style=\"font-family: Calibri; font-size: medium;\">26\u00b0C<\/span><\/td>\n<td><span style=\"font-family: Calibri; font-size: medium;\">28\u00b0C<\/span><\/td>\n<td><span style=\"font-family: Calibri; font-size: medium;\">26\u00b0C<\/span><\/td>\n<td><span style=\"font-family: Calibri; font-size: medium;\">24\u00b0C<\/span><\/td>\n<\/tr>\n<\/tbody>\n<\/table>\n<p>Aktu\u00e1ln\u00ed po\u010das\u00ed a p\u0159edpov\u011b\u010f na 14 dn\u00ed naleznete na str\u00e1nk\u00e1ch:<\/p>\n<p><a href=\"http:\/\/italie.tripzone.cz\/sardinie\/pocasi\">http:\/\/italie.tripzone.cz\/sardinie\/pocasi<\/a><\/p>\n<p><script>\n  (function(i,s,o,g,r,a,m){i['GoogleAnalyticsObject']=r;i[r]=i[r]||function(){\n  (i[r].q=i[r].q||[]).push(arguments)},i[r].l=1*new Date();a=s.createElement(o),\n  m=s.getElementsByTagName(o)[0];a.async=1;a.src=g;m.parentNode.insertBefore(a,m)\n  })(window,document,'script','\/\/www.google-analytics.com\/analytics.js','ga');<\/p>\n<p>  ga('create', 'UA-72010429-1', 'auto');\n  ga('send', 'pageview');<\/p>\n<p><\/script><\/p>\n","protected":false},"excerpt":{"rendered":"<p>Sardinie m\u00e1 st\u0159edomo\u0159sk\u00e9 klima, je zde teplo a pr\u0161\u00ed m\u00e1lo. D\u00edky sv\u00e9mu klimatu je v pr\u016fm\u011bru 300 dn\u00ed v roce slune\u010dno. \u00a0Jedin\u00fdmi zimn\u00edmi m\u011bs\u00edci jsou zde leden a \u00fanor, kdy se teploty pohybuj\u00ed kolem patn\u00e1cti stup\u0148\u016f. Toto obdob\u00ed se vyzna\u010duje \u010dast\u00fdmi sr\u00e1\u017ekami, d\u00edky \u010demu\u017e je ostrov bohat\u00fd na vegetaci. Tyto m\u011bs\u00edce by se daly p\u0159irovnat k na\u0161emu jaru. \u00a0Sn\u00edh se objevuje jen na hor\u00e1ch (je zde dokonce mo\u017enost ly\u017eov\u00e1n\u00ed), sn\u011b\u017een\u00ed mimo horsk\u00e9 oblasti je vz\u00e1cn\u00e9. Sardinie se vyzna\u010duje dlouh\u00fdmi a stabiln\u00edmi l\u00e9ty. B\u011bhem l\u00e9ta, trvaj\u00edc\u00edho od kv\u011btna do \u0159\u00edjna, zde pr\u0161\u00ed v pr\u016fm\u011bru jeden den v m\u011bs\u00edci a teploty se pohybuj\u00ed kolem 30\u00b0C. V letn\u00edch m\u011bs\u00edc\u00edch se sice m\u016f\u017eete setkat se sr\u00e1\u017ekami, ale jsou pouze n\u00e1razov\u00e9 a b\u011bhem n\u011bkolika hodin odezn\u00ed. L\u00e9ta jsou hork\u00e1, ale d\u00edky v\u011btr\u016fm vanouc\u00edm od mo\u0159e b\u00fdvaj\u00ed dob\u0159e snesiteln\u00e1. Sez\u00f3na zde za\u010d\u00edn\u00e1 Velikonocemi, vrchol\u00ed v srpnu a kon\u010d\u00ed v \u0159\u00edjnu. Na ja\u0159e a na podzim (b\u0159ezen-duben, listopad-prosinec) se teploty pohybuj\u00ed v\u011bt\u0161inou kolem 20\u00b0C. Tato obdob\u00ed jsou ide\u00e1ln\u00ed k turistice a prozkoum\u00e1v\u00e1n\u00ed ostrova. V dubnu a listopadu je\u0161t\u011b mohou teploty vystoupat k 28\u00b0C. D\u00edky vlivu mo\u0159e jsou pr\u016fm\u011brn\u00e9 teploty m\u00edrn\u011bj\u0161\u00ed v l\u00e9t\u011b i v zim\u011b. Podneb\u00ed je ovliv\u0148ov\u00e1no p\u0159edev\u0161\u00edm v\u011btry. Na severoz\u00e1pad\u011b ostrova je to atlantick\u00fd chladn\u00fd Mistral, ze z\u00e1padu vlhk\u00fd Libeccio a z jihu such\u00fd africk\u00fd v\u00edtr Scirocco. D\u00edky t\u011bmto v\u011btr\u016fm b\u00fdv\u00e1 po\u010das\u00ed na severu i jihu ostrova rozd\u00edln\u00e9, na jihu b\u00fdv\u00e1 p\u0159ev\u00e1\u017en\u011b o 4 &#8211; 6 stup\u0148\u016f v\u00edce, co\u017e zna\u010dn\u011b prodlu\u017euje letn\u00ed sez\u00f3nu. Tomu napom\u00e1h\u00e1 i kr\u00e1sn\u00fdch 300 slune\u010dn\u00edch dn\u00ed v roce. Co se t\u00fdk\u00e1 <a class=\"read-more\" href=\"https:\/\/www.nasardinku.cz\/?page_id=90\">Continue Reading &#8594;<\/a><\/p>\n","protected":false},"author":1,"featured_media":0,"parent":5,"menu_order":2,"comment_status":"open","ping_status":"open","template":"","meta":{"footnotes":""},"class_list":["post-90","page","type-page","status-publish","hentry"],"_links":{"self":[{"href":"https:\/\/www.nasardinku.cz\/index.php?rest_route=\/wp\/v2\/pages\/90","targetHints":{"allow":["GET"]}}],"collection":[{"href":"https:\/\/www.nasardinku.cz\/index.php?rest_route=\/wp\/v2\/pages"}],"about":[{"href":"https:\/\/www.nasardinku.cz\/index.php?rest_route=\/wp\/v2\/types\/page"}],"author":[{"embeddable":true,"href":"https:\/\/www.nasardinku.cz\/index.php?rest_route=\/wp\/v2\/users\/1"}],"replies":[{"embeddable":true,"href":"https:\/\/www.nasardinku.cz\/index.php?rest_route=%2Fwp%2Fv2%2Fcomments&post=90"}],"version-history":[{"count":7,"href":"https:\/\/www.nasardinku.cz\/index.php?rest_route=\/wp\/v2\/pages\/90\/revisions"}],"predecessor-version":[{"id":811,"href":"https:\/\/www.nasardinku.cz\/index.php?rest_route=\/wp\/v2\/pages\/90\/revisions\/811"}],"up":[{"embeddable":true,"href":"https:\/\/www.nasardinku.cz\/index.php?rest_route=\/wp\/v2\/pages\/5"}],"wp:attachment":[{"href":"https:\/\/www.nasardinku.cz\/index.php?rest_route=%2Fwp%2Fv2%2Fmedia&parent=90"}],"curies":[{"name":"wp","href":"https:\/\/api.w.org\/{rel}","templated":true}]}}

Podnebí

<p><strong>Sardinie</strong> má středomořské klima, je zde teplo a prší málo. Díky svému klimatu je v průměru 300 dní v roce slunečno.  Jedinými zimními měsíci jsou zde leden a únor, kdy se teploty pohybují kolem patnácti stupňů. Toto období se vyznačuje častými srážkami, díky čemuž je ostrov bohatý na vegetaci. Tyto měsíce by se daly přirovnat k našemu jaru.  Sníh se objevuje jen na horách (je zde dokonce možnost lyžování), sněžení mimo horské oblasti je vzácné.</p>
<p>Sardinie se vyznačuje dlouhými a stabilními léty. Během léta, trvajícího od května do října, zde prší v průměru jeden den v měsíci a teploty se pohybují kolem 30°C. V letních měsících se sice můžete setkat se srážkami, ale jsou pouze nárazové a během několika hodin odezní. Léta jsou horká, ale díky větrům vanoucím od moře bývají dobře snesitelná. Sezóna zde začíná Velikonocemi, vrcholí v srpnu a končí v říjnu.</p>
<p>Na jaře a na podzim (březen-duben, listopad-prosinec) se teploty pohybují většinou kolem 20°C. Tato období jsou ideální k turistice a prozkoumávání ostrova. V dubnu a listopadu ještě mohou teploty vystoupat k 28°C.</p>
<p>Díky vlivu moře jsou průměrné teploty mírnější v létě i v zimě.</p>
<p><strong>Podnebí je ovlivňováno především větry.</strong></p>
<p>Na severozápadě ostrova je to atlantický chladný Mistral, ze západu vlhký Libeccio a z jihu suchý africký vítr Scirocco. Díky těmto větrům bývá počasí na severu i jihu ostrova rozdílné, na jihu bývá převážně o 4 &#8211; 6 stupňů více, což značně prodlužuje letní sezónu. Tomu napomáhá i krásných 300 slunečních dní v roce.</p>
<p>Co se týká teploty vody v moři, tak je nejvyšší na konci léta v srpnu a v září, kdy dosahuje až 28°C.</p>
<p><span style="text-decoration: underline;"><strong>Průměrné teploty během letní sezóny</strong></span></p>
<table width="448" border="0" cellspacing="0" cellpadding="0">
<colgroup>
<col span="7" width="64" /></colgroup>
<tbody>
<tr>
<td width="64" height="21"><span style="font-family: Calibri; font-size: medium;"> </span></td>
<td width="64"><span style="font-family: Calibri; font-size: medium;">květen</span></td>
<td width="64"><span style="font-family: Calibri; font-size: medium;">červen</span></td>
<td width="64"><span style="font-family: Calibri; font-size: medium;">červenec</span></td>
<td width="64"><span style="font-family: Calibri; font-size: medium;">srpen</span></td>
<td width="64"><span style="font-family: Calibri; font-size: medium;">září</span></td>
<td width="64"><span style="font-family: Calibri; font-size: medium;">říjen</span></td>
</tr>
<tr>
<td height="20"><span style="font-family: Calibri; font-size: medium;">vzduch</span></td>
<td><span style="font-family: Calibri; font-size: medium;">22°C</span></td>
<td><span style="font-family: Calibri; font-size: medium;">26°C</span></td>
<td><span style="font-family: Calibri; font-size: medium;">28°C</span></td>
<td><span style="font-family: Calibri; font-size: medium;">29°C</span></td>
<td><span style="font-family: Calibri; font-size: medium;">26°C</span></td>
<td><span style="font-family: Calibri; font-size: medium;">23°C</span></td>
</tr>
<tr>
<td height="21"><span style="font-family: Calibri; font-size: medium;">moře</span></td>
<td><span style="font-family: Calibri; font-size: medium;">20°C</span></td>
<td><span style="font-family: Calibri; font-size: medium;">24°C</span></td>
<td><span style="font-family: Calibri; font-size: medium;">26°C</span></td>
<td><span style="font-family: Calibri; font-size: medium;">28°C</span></td>
<td><span style="font-family: Calibri; font-size: medium;">26°C</span></td>
<td><span style="font-family: Calibri; font-size: medium;">24°C</span></td>
</tr>
</tbody>
</table>
<p>Aktuální počasí a předpověď na 14 dní naleznete na stránkách:</p>
<p><a href="http://italie.tripzone.cz/sardinie/pocasi">http://italie.tripzone.cz/sardinie/pocasi</a></p>
<p><script>
  (function(i,s,o,g,r,a,m){i['GoogleAnalyticsObject']=r;i[r]=i[r]||function(){
  (i[r].q=i[r].q||[]).push(arguments)},i[r].l=1*new Date();a=s.createElement(o),
  m=s.getElementsByTagName(o)[0];a.async=1;a.src=g;m.parentNode.insertBefore(a,m)
  })(window,document,'script','//www.google-analytics.com/analytics.js','ga');</p>
<p>  ga('create', 'UA-72010429-1', 'auto');
  ga('send', 'pageview');</p>
<p></script></p>

<p>Sardinie má středomořské klima, je zde teplo a prší málo. Díky svému klimatu je v průměru 300 dní v roce slunečno.  Jedinými zimními měsíci jsou zde leden a únor, kdy se teploty pohybují kolem patnácti stupňů. Toto období se vyznačuje častými srážkami, díky čemuž je ostrov bohatý na vegetaci. Tyto měsíce by se daly přirovnat k našemu jaru.  Sníh se objevuje jen na horách (je zde dokonce možnost lyžování), sněžení mimo horské oblasti je vzácné. Sardinie se vyznačuje dlouhými a stabilními léty. Během léta, trvajícího od května do října, zde prší v průměru jeden den v měsíci a teploty se pohybují kolem 30°C. V letních měsících se sice můžete setkat se srážkami, ale jsou pouze nárazové a během několika hodin odezní. Léta jsou horká, ale díky větrům vanoucím od moře bývají dobře snesitelná. Sezóna zde začíná Velikonocemi, vrcholí v srpnu a končí v říjnu. Na jaře a na podzim (březen-duben, listopad-prosinec) se teploty pohybují většinou kolem 20°C. Tato období jsou ideální k turistice a prozkoumávání ostrova. V dubnu a listopadu ještě mohou teploty vystoupat k 28°C. Díky vlivu moře jsou průměrné teploty mírnější v létě i v zimě. Podnebí je ovlivňováno především větry. Na severozápadě ostrova je to atlantický chladný Mistral, ze západu vlhký Libeccio a z jihu suchý africký vítr Scirocco. Díky těmto větrům bývá počasí na severu i jihu ostrova rozdílné, na jihu bývá převážně o 4 &#8211; 6 stupňů více, což značně prodlužuje letní sezónu. Tomu napomáhá i krásných 300 slunečních dní v roce. Co se týká <a class="read-more" href="https://www.nasardinku.cz/?page_id=90">Continue Reading &#8594;</a></p>
